{"id":823,"date":"2016-12-20T16:13:33","date_gmt":"2016-12-20T15:13:33","guid":{"rendered":"http:\/\/188.213.175.141\/~carnevale\/?page_id=823"},"modified":"2017-03-02T14:49:18","modified_gmt":"2017-03-02T13:49:18","slug":"qui-dal-65","status":"publish","type":"page","link":"https:\/\/www.carnevaledidecima.it\/?page_id=823","title":{"rendered":"Qui dal &#8217;65"},"content":{"rendered":"<p><a href=\"http:\/\/188.213.175.141\/~carnevale\/wp-content\/uploads\/2016\/12\/65.png\"><img loading=\"lazy\" decoding=\"async\" class=\"alignnone size-full wp-image-920\" src=\"http:\/\/188.213.175.141\/~carnevale\/wp-content\/uploads\/2016\/12\/65.png\" alt=\"\" width=\"250\" height=\"396\" srcset=\"https:\/\/www.carnevaledidecima.it\/wp-content\/uploads\/2016\/12\/65.png 250w, https:\/\/www.carnevaledidecima.it\/wp-content\/uploads\/2016\/12\/65-189x300.png 189w\" sizes=\"auto, (max-width: 250px) 100vw, 250px\" \/><\/a><\/p>\n<p>Presidente:\u00a0Forni\u00a0Fabio<br \/>\nConsigliere in Comitato: Forni Fabio<\/p>\n<p>Nasce nel 1982 fondata da un gruppo di giovani amici ed \u00e8 subito riuscita ad accattivarsi la simpatia dei decimino per la concretezza ed originalit\u00e0 dei carri proposti, non trovando per\u00f2 lo stesso riscontro nel giudizio della giuria.<br \/>\nIl notevole spirito carnevalesco di questi ragazzi li ha aiutati a continuare anche dopo grosse delusioni, e dopo aver ottenuto per ben sei anni consecutivi il quarto premio, finalmente nel 1995 con il carro dal soggetto \u201cBenvenuto tra le maschere\u201d (carro di satira politica dove troneggiava l\u2019onorevole Bossi) ha ottenuto il tanto voluto primo premio.<br \/>\nTale gioia si \u00e8 ripetuta nel 1998 con un soggetto riguardante la clonazione (\u201c\u00e8 inutile provare\u2026non si clona il carnevale\u201d).<br \/>\nNel 2007 hanno festeggiato il 25\u00b0anno di attivit\u00e0 conquistando il terzo posto con uno splendido carro.<\/p>\n","protected":false},"excerpt":{"rendered":"<p>Presidente:\u00a0Forni\u00a0Fabio Consigliere in Comitato: Forni Fabio Nasce nel 1982 fondata da un gruppo di giovani amici ed \u00e8 subito riuscita ad accattivarsi la simpatia dei decimino per la concretezza ed originalit\u00e0 dei carri proposti, non trovando per\u00f2 lo stesso riscontro nel giudizio della giuria. Il notevole spirito carnevalesco di questi ragazzi li ha aiutati a [&hellip;]<\/p>\n","protected":false},"author":1,"featured_media":0,"parent":0,"menu_order":0,"comment_status":"closed","ping_status":"closed","template":"","meta":{"footnotes":""},"class_list":["post-823","page","type-page","status-publish","hentry"],"_links":{"self":[{"href":"https:\/\/www.carnevaledidecima.it\/index.php?rest_route=\/wp\/v2\/pages\/823","targetHints":{"allow":["GET"]}}],"collection":[{"href":"https:\/\/www.carnevaledidecima.it\/index.php?rest_route=\/wp\/v2\/pages"}],"about":[{"href":"https:\/\/www.carnevaledidecima.it\/index.php?rest_route=\/wp\/v2\/types\/page"}],"author":[{"embeddable":true,"href":"https:\/\/www.carnevaledidecima.it\/index.php?rest_route=\/wp\/v2\/users\/1"}],"replies":[{"embeddable":true,"href":"https:\/\/www.carnevaledidecima.it\/index.php?rest_route=%2Fwp%2Fv2%2Fcomments&post=823"}],"version-history":[{"count":4,"href":"https:\/\/www.carnevaledidecima.it\/index.php?rest_route=\/wp\/v2\/pages\/823\/revisions"}],"predecessor-version":[{"id":1620,"href":"https:\/\/www.carnevaledidecima.it\/index.php?rest_route=\/wp\/v2\/pages\/823\/revisions\/1620"}],"wp:attachment":[{"href":"https:\/\/www.carnevaledidecima.it\/index.php?rest_route=%2Fwp%2Fv2%2Fmedia&parent=823"}],"curies":[{"name":"wp","href":"https:\/\/api.w.org\/{rel}","templated":true}]}}